{"id":577,"date":"2023-09-08T15:06:17","date_gmt":"2023-09-08T13:06:17","guid":{"rendered":"https:\/\/api-colomiers.com\/victorhugo\/?page_id=577"},"modified":"2025-09-30T12:04:36","modified_gmt":"2025-09-30T10:04:36","slug":"le-dico","status":"publish","type":"page","link":"https:\/\/api-colomiers.com\/victorhugo\/le-dico\/","title":{"rendered":"Le Dico"},"content":{"rendered":"\n<figure class=\"wp-block-image aligncenter size-full\"><img loading=\"lazy\" decoding=\"async\" width=\"500\" height=\"500\" src=\"http:\/\/api-colomiers.com\/victorhugo\/wp-content\/uploads\/2023\/09\/Le-dico.webp\" alt=\"\" class=\"wp-image-584\" srcset=\"https:\/\/api-colomiers.com\/victorhugo\/wp-content\/uploads\/2023\/09\/Le-dico.webp 500w, https:\/\/api-colomiers.com\/victorhugo\/wp-content\/uploads\/2023\/09\/Le-dico-300x300.webp 300w, https:\/\/api-colomiers.com\/victorhugo\/wp-content\/uploads\/2023\/09\/Le-dico-150x150.webp 150w, https:\/\/api-colomiers.com\/victorhugo\/wp-content\/uploads\/2023\/09\/Le-dico-270x270.webp 270w, https:\/\/api-colomiers.com\/victorhugo\/wp-content\/uploads\/2023\/09\/Le-dico-230x230.webp 230w\" sizes=\"auto, (max-width: 500px) 100vw, 500px\" \/><\/figure>\n\n\n\n<p>Acronymes et noms de services (parfois incompr\u00e9hensibles) de l\u2019\u00e9ducation nationale et de Victor Hugo \ud83d\ude42<\/p>\n\n\n\n<h2 class=\"wp-block-heading has-text-align-center\" id=\"h.rmi6fd8pudm_l\">A<\/h2>\n\n\n\n<p><strong>A.S<\/strong>&nbsp;<\/p>\n\n\n\n<ul class=\"wp-block-list\">\n<li><strong>Association Sportive<\/strong> <\/li>\n\n\n\n<li>Anim\u00e9e par les enseignants d&rsquo;EPS, sur la pause m\u00e9ridienne et le mercredi apr\u00e8s-midi. Activit\u00e9s propos\u00e9es : fulsal, renforcement musculaire, badminton, escalade, cross, raid multi-activit\u00e9s&#8230; Inscriptions \u00e0 la rentr\u00e9e aupr\u00e8s des professeurs d&rsquo;EPS.<\/li>\n<\/ul>\n\n\n\n<p><strong>AESH<\/strong><\/p>\n\n\n\n<ul class=\"wp-block-list\">\n<li><strong>Accompagnants d&rsquo;\u00e9l\u00e8ves en situation de handicap<\/strong><\/li>\n\n\n\n<li>Personnels qui ont pour mission de favoriser l&rsquo;autonomie de l&rsquo;\u00e9l\u00e8ve en situation de handicap, qu&rsquo;ils interviennent au titre de l&rsquo;aide humaine individuelle, de l&rsquo;aide humaine mutualis\u00e9e ou de l&rsquo;accompagnement collectif.<\/li>\n\n\n\n<li>Lien : <a href=\"https:\/\/www.education.gouv.fr\/etre-accompagnant-des-eleves-en-situation-de-handicap-aesh-12188#:~:text=Les%20accompagnants%20d'%C3%A9l%C3%A8ves%20en,ou%20de%20l'accompagnement%20collectif.\" target=\"_blank\" rel=\"noreferrer noopener\">\u00eatre AESH<\/a><\/li>\n<\/ul>\n\n\n\n<h2 class=\"wp-block-heading has-text-align-center\" id=\"h.9g83yrnvk13r_l\"><a href=\"https:\/\/sites.google.com\/view\/apicacvh\/le-dico?authuser=0#h.9g83yrnvk13r\"><\/a><a href=\"https:\/\/sites.google.com\/view\/apicacvh\/le-dico?authuser=0#h.9g83yrnvk13r\"><\/a>B<\/h2>\n\n\n\n<p><strong>BFI<\/strong>&nbsp;<\/p>\n\n\n\n<ul class=\"wp-block-list\">\n<li><strong>Baccalaur\u00e9at Fran\u00e7ais International (BFI)<\/strong><\/li>\n\n\n\n<li>Lien :<a href=\"https:\/\/eduscol.education.fr\/document\/31942\/download?attachment\" target=\"_blank\" rel=\"noreferrer noopener\">&nbsp;T\u00e9l\u00e9charger la pr\u00e9sentation du BFI en fran\u00e7ais<\/a><\/li>\n\n\n\n<li>Lien :<a rel=\"noreferrer noopener\" href=\"https:\/\/eduscol.education.fr\/document\/41497\/download\" target=\"_blank\">&nbsp;T\u00e9l\u00e9charger la pr\u00e9sentation du BFI en anglais<\/a><\/li>\n\n\n\n<li>Lien : <a href=\"https:\/\/www.education.gouv.fr\/reussir-au-lycee\/le-baccalaureat-francais-international-bfi-5960\" target=\"_blank\" rel=\"noreferrer noopener\">Site \u00e9ducation nationale \/ BFI<\/a><\/li>\n\n\n\n<li>Lien :&nbsp;<a href=\"https:\/\/victor-hugo-colomiers.mon-ent-occitanie.fr\/comment-demander-une-admission-\/la-section-internationale-44870.htm\" target=\"_blank\" rel=\"noreferrer noopener\">LA SECTION INTERNATIONALE &#8211; Comment demander une admission ? &#8211; LYCEE GENERAL ET TECHNOLOGIQUE INTERNATIONAL VICTOR HUGO (mon-ent-occitanie.fr)<\/a>&nbsp;<\/li>\n\n\n\n<li>Lien: English31 <a href=\"https:\/\/www.english31.org\/\" target=\"_blank\" rel=\"noreferrer noopener\">https:\/\/www.english31.org\/<\/a><\/li>\n<\/ul>\n\n\n\n<h2 class=\"wp-block-heading has-text-align-center\" id=\"h.wawtzzwkvazr_l\"><a href=\"https:\/\/sites.google.com\/view\/apicacvh\/le-dico?authuser=0#h.wawtzzwkvazr\"><\/a><a href=\"https:\/\/sites.google.com\/view\/apicacvh\/le-dico?authuser=0#h.wawtzzwkvazr\"><\/a>C<\/h2>\n\n\n\n<p><strong>CLAS<\/strong><\/p>\n\n\n\n<ul class=\"wp-block-list\">\n<li><strong>Contrat Local d&rsquo;Accompagnement Scolaire<\/strong><\/li>\n\n\n\n<li>Aide libre et \u00ab\u00a0gratuite\u00a0\u00bb pour les familles qui concerne les \u00e9l\u00e8ves du primaire (du CP au CM2) et du secondaire (de la 6\u00e8me \u00e0 la 3\u00e8me)<\/li>\n\n\n\n<li>Lien :&nbsp;<a href=\"https:\/\/www.ville-colomiers.fr\/1\/mon-quotidien\/enfance-et-jeunesse\/education-et-scolarite\/accompagnement-a-la-scolarite-clas\" target=\"_blank\" rel=\"noreferrer noopener\">L&rsquo;accompagnement \u00e0 la scolarit\u00e9 des \u00e9l\u00e8ves avec le CLAS \u00e0 Colomiers (ville-colomiers.fr)<\/a>&nbsp;<\/li>\n<\/ul>\n\n\n\n<p><strong>CDI-EMI<\/strong><\/p>\n\n\n\n<ul class=\"wp-block-list\">\n<li><strong>Centre de Documentation et d&rsquo;Information<\/strong><\/li>\n\n\n\n<li>Lien :<a href=\"https:\/\/victor-hugo.ecollege.haute-garonne.fr\/cdi\/\" target=\"_blank\" rel=\"noreferrer noopener\">&nbsp;Bienvenue au CDI : Accueil &#8211; CDI &#8211; Victor Hugo de Colomiers (haute-garonne.fr)<\/a><\/li>\n<\/ul>\n\n\n\n<p><strong>CVC<\/strong><\/p>\n\n\n\n<ul class=\"wp-block-list\">\n<li><strong>Conseil de Vie Coll\u00e9gienne<\/strong><\/li>\n\n\n\n<li>Lien :<a href=\"https:\/\/victor-hugo.ecollege.haute-garonne.fr\/cvc\/\" target=\"_blank\" rel=\"noreferrer noopener\">&nbsp;CVC &#8211; CVC &#8211; Victor Hugo de Colomiers (haute-garonne.fr)<\/a><\/li>\n<\/ul>\n\n\n\n<h2 class=\"wp-block-heading has-text-align-center\">E<\/h2>\n\n\n\n<p><strong>EMI<\/strong><\/p>\n\n\n\n<ul class=\"wp-block-list\">\n<li><strong>Education aux M\u00e9dias et \u00e0 l&rsquo;Information<\/strong><\/li>\n\n\n\n<li>Par l\u2019\u00e9ducation aux m\u00e9dias et \u00e0 l\u2019information (EMI), les \u00e9l\u00e8ves apprennent \u00e0 devenir des citoyens responsables dans une soci\u00e9t\u00e9 marqu\u00e9e par la multiplication et l\u2019acc\u00e9l\u00e9ration des flux d\u2019information. Ils d\u00e9veloppent leur esprit critique et sont capables d\u2019agir de mani\u00e8re \u00e9clair\u00e9e pour chercher, recevoir, produire et diffuser des informations via des m\u00e9dias de plus en plus diversifi\u00e9s.<\/li>\n\n\n\n<li>Lien : <a href=\"https:\/\/victor-hugo.ecollege.haute-garonne.fr\/cdi\/emi-et-productions-numeriques-classe\/\" target=\"_blank\" rel=\"noreferrer noopener\">Productions num\u00e9riques &#8211; classes Victor Hugo Colomiers<\/a><\/li>\n\n\n\n<li>Lien : <a href=\"https:\/\/eduscol.education.fr\/1531\/education-aux-medias-et-l-information\" target=\"_blank\" rel=\"noreferrer noopener\">EMI &#8211; Eduscol<\/a><\/li>\n<\/ul>\n\n\n\n<h2 class=\"wp-block-heading has-text-align-center\" id=\"h.fvs69skgvqtr_l\"><a href=\"https:\/\/sites.google.com\/view\/apicacvh\/le-dico?authuser=0#h.fvs69skgvqtr\"><\/a><a href=\"https:\/\/sites.google.com\/view\/apicacvh\/le-dico?authuser=0#h.fvs69skgvqtr\"><\/a>F<\/h2>\n\n\n\n<p><strong>FLE<\/strong><\/p>\n\n\n\n<ul class=\"wp-block-list\">\n<li><strong>Fran\u00e7ais Langue Etrang\u00e8re<br><\/strong>Voir aussi dispositif UPE2A ci-dessous.<\/li>\n<\/ul>\n\n\n\n<p><strong>FOLIOS<\/strong><\/p>\n\n\n\n<ul class=\"wp-block-list\">\n<li>En juillet 2013, \u00e0 la demande du minist\u00e8re de l&rsquo;Education nationale, de l&rsquo;Enseignement sup\u00e9rieur et de la Recherche, l&rsquo;Onisep a cr\u00e9\u00e9 et d\u00e9velopp\u00e9 un outil num\u00e9rique destin\u00e9 \u00e0 h\u00e9berger les parcours \u00e9ducatifs et permettant la fourniture de ressources et services num\u00e9riques au service des parcours, au sein de l&rsquo;\u00e9tablissement qui en est dot\u00e9 : le folios<\/li>\n\n\n\n<li>Lien :<a href=\"https:\/\/folios.onisep.fr\/\" target=\"_blank\" rel=\"noreferrer noopener\">&nbsp;Folios &#8211; Accueil (onisep.fr)<\/a><\/li>\n<\/ul>\n\n\n\n<p><strong>FSE-BDE<\/strong><\/p>\n\n\n\n<ul class=\"wp-block-list\">\n<li><strong>Foyer Socio Educatif- Bureau des \u00e9l\u00e8ves<\/strong><\/li>\n\n\n\n<li>Lien :<a href=\"https:\/\/www.payasso.fr\/foyer-socio-educatif-et-as-du-lycee-victor-hugo\/inscription\" target=\"_blank\" rel=\"noreferrer noopener\">&nbsp;Foyer Socio Educatif &#8211; Bureau des \u00e9l\u00e8ves (FSE-BDE) &#8211; Coll\u00e8ge Victor Hugo de Colomiers<\/a><\/li>\n<\/ul>\n\n\n\n<h2 class=\"wp-block-heading has-text-align-center\" id=\"h.qco3n9gm0n9x_l\"><a href=\"https:\/\/sites.google.com\/view\/apicacvh\/le-dico?authuser=0#h.qco3n9gm0n9x\"><\/a><a href=\"https:\/\/sites.google.com\/view\/apicacvh\/le-dico?authuser=0#h.qco3n9gm0n9x\"><\/a>M<\/h2>\n\n\n\n<p><strong>Magist\u00e8re (M@gistere)<\/strong>&nbsp;<\/p>\n\n\n\n<ul class=\"wp-block-list\">\n<li>Plateforme de formation continue du personnel enseignant<\/li>\n\n\n\n<li>Lien :<a href=\"https:\/\/magistere.education.fr\/ac-toulouse\/\" target=\"_blank\" rel=\"noreferrer noopener\">&nbsp;Acad\u00e9mie de Toulouse (education.fr)<\/a><\/li>\n<\/ul>\n\n\n\n<h2 class=\"wp-block-heading has-text-align-center\" id=\"h.r631ftxbyohm_l\"><a href=\"https:\/\/sites.google.com\/view\/apicacvh\/le-dico?authuser=0#h.r631ftxbyohm\"><\/a><a href=\"https:\/\/sites.google.com\/view\/apicacvh\/le-dico?authuser=0#h.r631ftxbyohm\"><\/a>O<\/h2>\n\n\n\n<p><strong>OIB&nbsp;<\/strong><\/p>\n\n\n\n<ul class=\"wp-block-list\">\n<li><strong>Option Internationale du Baccalaur\u00e9at <\/strong>desormais remplac\u00e9 par l&rsquo;option BFI expliqu\u00e9e plus haut (the &lsquo;OIB&rsquo; is now obsolete and has been replaced by the &lsquo;BFI&rsquo;, see higher up for more details)<\/li>\n<\/ul>\n\n\n\n<p><strong>ONISEP&nbsp;<\/strong><\/p>\n\n\n\n<ul class=\"wp-block-list\">\n<li><strong>Office national d\u2019information sur les enseignements et les professions<br><\/strong>L\u2019Office national d\u2019information sur les enseignements et les professions (ONISEP) est un \u00e9tablissement public sous tutelle du minist\u00e8re de l\u2019\u00e9ducation nationale. \u00c9diteur public, l\u2019Onisep \u00e9labore et diffuse toute l\u2019information sur les formations et les m\u00e9tiers aupr\u00e8s des \u00e9l\u00e8ves, des parents et des \u00e9quipes \u00e9ducatives.<\/li>\n\n\n\n<li>Lien :&nbsp;<a href=\"https:\/\/www.onisep.fr\/\" target=\"_blank\" rel=\"noreferrer noopener\">Accueil &#8211; Onisep<\/a>&nbsp;<\/li>\n<\/ul>\n\n\n\n<h2 class=\"wp-block-heading has-text-align-center\" id=\"h.d0zlk9khmcg5_l\"><a href=\"https:\/\/sites.google.com\/view\/apicacvh\/le-dico?authuser=0#h.d0zlk9khmcg5\"><\/a><a href=\"https:\/\/sites.google.com\/view\/apicacvh\/le-dico?authuser=0#h.d0zlk9khmcg5\"><\/a>P<\/h2>\n\n\n\n<p><strong>PAI<\/strong><\/p>\n\n\n\n<ul class=\"wp-block-list\">\n<li><strong>Projet d&rsquo;Accueil Individualis\u00e9<\/strong><\/li>\n\n\n\n<li>Le projet d\u2019accueil individualis\u00e9 d\u00e9finit les adaptations apport\u00e9es \u00e0 la scolarit\u00e9 de l\u2019enfant ou de l\u2019adolescent&nbsp;: r\u00e9gimes alimentaires, am\u00e9nagements d\u2019horaires, dispenses de certaines activit\u00e9s et activit\u00e9s de substitution. Il peut \u00eatre \u00e9labor\u00e9 pour permettre aux&nbsp;\u00e9l\u00e8ves atteints de troubles de la sant\u00e9&nbsp;\u00e9voluant sur une longue p\u00e9riode de poursuivre leur scolarit\u00e9.<\/li>\n\n\n\n<li>Lien : <a href=\"https:\/\/www.education.gouv.fr\/l-accueil-des-eleves-besoins-specifiques-la-mise-en-place-d-un-projet-d-accueil-individualise-6695\" target=\"_blank\" rel=\"noreferrer noopener\">Mise en place d&rsquo;un PAI<\/a><\/li>\n\n\n\n<li>Lien : <a href=\"https:\/\/www.service-public.fr\/particuliers\/vosdroits\/F21392\" target=\"_blank\" rel=\"noreferrer noopener\">Qu&rsquo;est-ce qu&rsquo;un PAI<\/a><\/li>\n<\/ul>\n\n\n\n<p><strong>PPRE, PAP, PPS<\/strong><\/p>\n\n\n\n<ul class=\"wp-block-list\">\n<li>PPRE&nbsp;: programme personnalis\u00e9 de r\u00e9ussite \u00e9ducative<\/li>\n\n\n\n<li>PAI&nbsp;: projet d\u2019accueil individualis\u00e9 &#8211; voir ci-dessus<\/li>\n\n\n\n<li>PAP&nbsp;: plan d\u2019accompagnement personnalis\u00e9<\/li>\n\n\n\n<li>PPS&nbsp;: projet personnalis\u00e9 de scolarisation<\/li>\n\n\n\n<li>Lien : <a href=\"https:\/\/www.monparcourshandicap.gouv.fr\/scolarite\/ppre-pai-pap-pps-en-quoi-consistent-les-differentes-possibilites-dappui-la-scolarisation\" target=\"_blank\" rel=\"noreferrer noopener\">PPRE, PAI, PAP, PPS\u00a0: en quoi consistent les diff\u00e9rentes possibilit\u00e9s d&rsquo;appui \u00e0 la scolarisation\u00a0?<\/a><\/li>\n<\/ul>\n\n\n\n<p><strong>PEDT<\/strong><\/p>\n\n\n\n<ul class=\"wp-block-list\">\n<li><strong>Projet EDucatif Territorial<br><\/strong>Le Projet \u00e9ducatif de territoire (PEDT) de la Ville de Colomiers&nbsp; constitue le levier de l\u2019ensemble des politiques \u00e9ducatives municipales au b\u00e9n\u00e9fice des enfants et jeunes de 0 \u00e0 15 ans. Le PEDT structure ainsi les temps lib\u00e9r\u00e9s de l\u2019enfant en compl\u00e9ment des temps scolaires et familiaux autour de propositions \u00e9ducatives de qualit\u00e9. L\u2019objectif est de favoriser la d\u00e9couverte, l\u2019\u00e9veil, le bien-vivre ensemble, et le d\u00e9veloppement des apprentissages au sens large. Il a vocation \u00e0 associer tous les partenaires \u00e9ducatifs : parents et familles, \u00e9coles et coll\u00e8ges, services municipaux, associations, porteurs de projets,\u2026 pour que chaque enfant se d\u00e9veloppe dans l\u2019harmonie et trouve son \u00e9panouissement dans son parcours scolaire et son parcours individuel, aux travers de loisirs et d\u2019exp\u00e9riences vari\u00e9es.<\/li>\n\n\n\n<li>Lien :<a href=\"https:\/\/www.ville-colomiers.fr\/1\/mon-quotidien\/enfance-et-jeunesse\/education-et-scolarite\/projet-educatif-territorial-pedt\" target=\"_blank\" rel=\"noreferrer noopener\">&nbsp;Le projet \u00e9ducatif territorial (PEDT) de la ville de Colomiers (ville-colomiers.fr)<\/a><\/li>\n<\/ul>\n\n\n\n<h2 class=\"wp-block-heading has-text-align-center\" id=\"h.6uk0n8icwisd_l\"><a href=\"https:\/\/sites.google.com\/view\/apicacvh\/le-dico?authuser=0#h.6uk0n8icwisd\"><\/a><a href=\"https:\/\/sites.google.com\/view\/apicacvh\/le-dico?authuser=0#h.6uk0n8icwisd\"><\/a>U<\/h2>\n\n\n\n<p><strong>ULIS<\/strong><\/p>\n\n\n\n<ul class=\"wp-block-list\">\n<li><strong>Unit\u00e9 Localis\u00e9e Pour l&rsquo;Inclusion Scolaire<\/strong><\/li>\n\n\n\n<li>Une section ULIS se compose d&rsquo;un petit groupe d&rsquo;\u00e9l\u00e8ves, 10 maximum au coll\u00e8ge et au lyc\u00e9e. En plus de favoriser l&rsquo;inclusion de l&rsquo;\u00e9l\u00e8ve dans une \u00e9cole ordinaire, ce dispositif lui fournit un enseignement adapt\u00e9 \u00e0 ses besoins. Le coll\u00e8ge dispose de ce dispositif. <\/li>\n\n\n\n<li>Lien\u00a0: <a href=\"https:\/\/www.education.gouv.fr\/bo\/15\/Hebdo31\/MENE1504950C.htm#:~:text=%C3%80%20compter%20du%201er%20septembre,'inclusion%20scolaire%20(Ulis).\" target=\"_blank\" rel=\"noreferrer noopener\">BO \u00e9ducation nationale &#8211; ULIS<\/a><\/li>\n<\/ul>\n\n\n\n<p><strong>UPE2A<\/strong><\/p>\n\n\n\n<ul class=\"wp-block-list\">\n<li><strong>Unit\u00e9 P\u00e9dagogique pour El\u00e8ves Allophones Arrivants<\/strong><\/li>\n\n\n\n<li>Dispositif d&rsquo;accompagnement des \u00e9l\u00e8ves allophones inclus dans les classes ordinaires. <\/li>\n\n\n\n<li><a href=\"https:\/\/www.education.gouv.fr\/bo\/12\/Hebdo37\/MENE1234231C.htm#:~:text=Afin%20de%20permettre%20une%20meilleure,arrivants%20%C2%BB%2C%20%C2%AB%20UPE2A%20%C2%BB.\" target=\"_blank\" rel=\"noreferrer noopener\">Lien : BO \u00e9ducation nationale &#8211; UPE2A<\/a><\/li>\n<\/ul>\n\n\n\n<p><\/p>\n\n\n\n<p><\/p>\n","protected":false},"excerpt":{"rendered":"<p>Le Dico ! Acronymes et noms de services (parfois incompr\u00e9hensibles) de l\u2019\u00e9ducation nationale et de Victor Hugo \ud83d\ude42<\/p>\n","protected":false},"author":3,"featured_media":584,"parent":0,"menu_order":0,"comment_status":"closed","ping_status":"closed","template":"","meta":{"_seopress_robots_primary_cat":"","_seopress_titles_title":"","_seopress_titles_desc":"","_seopress_robots_index":"","footnotes":""},"class_list":["post-577","page","type-page","status-publish","has-post-thumbnail","hentry"],"_links":{"self":[{"href":"https:\/\/api-colomiers.com\/victorhugo\/wp-json\/wp\/v2\/pages\/577","targetHints":{"allow":["GET"]}}],"collection":[{"href":"https:\/\/api-colomiers.com\/victorhugo\/wp-json\/wp\/v2\/pages"}],"about":[{"href":"https:\/\/api-colomiers.com\/victorhugo\/wp-json\/wp\/v2\/types\/page"}],"author":[{"embeddable":true,"href":"https:\/\/api-colomiers.com\/victorhugo\/wp-json\/wp\/v2\/users\/3"}],"replies":[{"embeddable":true,"href":"https:\/\/api-colomiers.com\/victorhugo\/wp-json\/wp\/v2\/comments?post=577"}],"version-history":[{"count":12,"href":"https:\/\/api-colomiers.com\/victorhugo\/wp-json\/wp\/v2\/pages\/577\/revisions"}],"predecessor-version":[{"id":1068,"href":"https:\/\/api-colomiers.com\/victorhugo\/wp-json\/wp\/v2\/pages\/577\/revisions\/1068"}],"wp:featuredmedia":[{"embeddable":true,"href":"https:\/\/api-colomiers.com\/victorhugo\/wp-json\/wp\/v2\/media\/584"}],"wp:attachment":[{"href":"https:\/\/api-colomiers.com\/victorhugo\/wp-json\/wp\/v2\/media?parent=577"}],"curies":[{"name":"wp","href":"https:\/\/api.w.org\/{rel}","templated":true}]}}