{"id":82,"date":"2015-03-30T09:14:08","date_gmt":"2015-03-30T09:14:08","guid":{"rendered":"http:\/\/api-colomiers.com\/lucieaubrac\/?page_id=82"},"modified":"2023-10-21T16:11:33","modified_gmt":"2023-10-21T14:11:33","slug":"lequipe-api","status":"publish","type":"page","link":"https:\/\/api-colomiers.com\/lucieaubrac\/lequipe-api.php","title":{"rendered":"L&rsquo;\u00e9quipe API"},"content":{"rendered":"\n<p><a title=\"Qui sommes-nous ?\" href=\"https:\/\/api-colomiers.com\/lucieaubrac\/?page_id=17\">Qui sommes-nous ?<\/a><\/p>\n\n\n\n<h1 class=\"wp-block-heading\">vos D\u00e9l\u00e9gu\u00e9s 2023\/2024<\/h1>\n\n\n\n<div data-wp-interactive=\"core\/file\" class=\"wp-block-file\"><object data-wp-bind--hidden=\"!state.hasPdfPreview\" hidden class=\"wp-block-file__embed\" data=\"https:\/\/api-colomiers.com\/lucieaubrac\/wp-content\/uploads\/Equipe-API-Lucie-Aubrac-2023-2024.pdf\" type=\"application\/pdf\" style=\"width:100%;height:600px\" aria-label=\"Contenu embarqu\u00e9 Equipe-API-Lucie-Aubrac-2023-2024.\"><\/object><a id=\"wp-block-file--media-073aa5e0-6dd0-4f44-bbe8-e9520c63d362\" href=\"https:\/\/api-colomiers.com\/lucieaubrac\/wp-content\/uploads\/Equipe-API-Lucie-Aubrac-2023-2024.pdf\">Equipe-API-Lucie-Aubrac-2023-2024<\/a><a href=\"https:\/\/api-colomiers.com\/lucieaubrac\/wp-content\/uploads\/Equipe-API-Lucie-Aubrac-2023-2024.pdf\" class=\"wp-block-file__button wp-element-button\" download aria-describedby=\"wp-block-file--media-073aa5e0-6dd0-4f44-bbe8-e9520c63d362\">T\u00e9l\u00e9charger<\/a><\/div>\n","protected":false},"excerpt":{"rendered":"<p>Qui sommes-nous ? vos D\u00e9l\u00e9gu\u00e9s 2023\/2024<\/p>\n","protected":false},"author":1,"featured_media":0,"parent":0,"menu_order":0,"comment_status":"closed","ping_status":"closed","template":"","meta":{"footnotes":""},"class_list":["post-82","page","type-page","status-publish","hentry"],"_links":{"self":[{"href":"https:\/\/api-colomiers.com\/lucieaubrac\/wp-json\/wp\/v2\/pages\/82","targetHints":{"allow":["GET"]}}],"collection":[{"href":"https:\/\/api-colomiers.com\/lucieaubrac\/wp-json\/wp\/v2\/pages"}],"about":[{"href":"https:\/\/api-colomiers.com\/lucieaubrac\/wp-json\/wp\/v2\/types\/page"}],"author":[{"embeddable":true,"href":"https:\/\/api-colomiers.com\/lucieaubrac\/wp-json\/wp\/v2\/users\/1"}],"replies":[{"embeddable":true,"href":"https:\/\/api-colomiers.com\/lucieaubrac\/wp-json\/wp\/v2\/comments?post=82"}],"version-history":[{"count":2,"href":"https:\/\/api-colomiers.com\/lucieaubrac\/wp-json\/wp\/v2\/pages\/82\/revisions"}],"predecessor-version":[{"id":2987,"href":"https:\/\/api-colomiers.com\/lucieaubrac\/wp-json\/wp\/v2\/pages\/82\/revisions\/2987"}],"wp:attachment":[{"href":"https:\/\/api-colomiers.com\/lucieaubrac\/wp-json\/wp\/v2\/media?parent=82"}],"curies":[{"name":"wp","href":"https:\/\/api.w.org\/{rel}","templated":true}]}}