{"id":3432,"date":"2024-10-02T21:24:54","date_gmt":"2024-10-02T19:24:54","guid":{"rendered":"https:\/\/api-colomiers.com\/lucieaubrac\/?page_id=3432"},"modified":"2024-10-02T22:53:51","modified_gmt":"2024-10-02T20:53:51","slug":"vos-delegues-2024-2025","status":"publish","type":"page","link":"https:\/\/api-colomiers.com\/lucieaubrac\/vos-delegues-2024-2025.php","title":{"rendered":"Vos d\u00e9l\u00e9gu\u00e9s 2024-2025"},"content":{"rendered":"\n<p>L&rsquo;\u00e9quipe au complet:<\/p>\n\n\n\n<div data-wp-interactive=\"core\/file\" class=\"wp-block-file\"><object data-wp-bind--hidden=\"!state.hasPdfPreview\" hidden class=\"wp-block-file__embed\" data=\"https:\/\/api-colomiers.com\/lucieaubrac\/wp-content\/uploads\/Trombi.pdf\" type=\"application\/pdf\" style=\"width:100%;height:600px\" aria-label=\"Contenu embarqu\u00e9 Trombi.\"><\/object><a id=\"wp-block-file--media-f7f9b5f6-e700-46b0-8abc-e9bfee0a66ad\" href=\"https:\/\/api-colomiers.com\/lucieaubrac\/wp-content\/uploads\/Trombi.pdf\">Trombi<\/a><a href=\"https:\/\/api-colomiers.com\/lucieaubrac\/wp-content\/uploads\/Trombi.pdf\" class=\"wp-block-file__button wp-element-button\" download aria-describedby=\"wp-block-file--media-f7f9b5f6-e700-46b0-8abc-e9bfee0a66ad\">T\u00e9l\u00e9charger<\/a><\/div>\n\n\n\n<p><\/p>\n\n\n\n<p>Vos d\u00e9l\u00e9gu\u00e9s  <\/p>\n\n\n\n<p>c\u00f4t\u00e9 Maternelle:<\/p>\n\n\n\n<div data-wp-interactive=\"core\/file\" class=\"wp-block-file\"><object data-wp-bind--hidden=\"!state.hasPdfPreview\" hidden class=\"wp-block-file__embed\" data=\"https:\/\/api-colomiers.com\/lucieaubrac\/wp-content\/uploads\/maternelle.pdf\" type=\"application\/pdf\" style=\"width:100%;height:600px\" aria-label=\"Contenu embarqu\u00e9 maternelle.\"><\/object><a id=\"wp-block-file--media-fc2352f8-6749-437f-9085-ed831eddaafd\" href=\"https:\/\/api-colomiers.com\/lucieaubrac\/wp-content\/uploads\/maternelle.pdf\">maternelle<\/a><a href=\"https:\/\/api-colomiers.com\/lucieaubrac\/wp-content\/uploads\/maternelle.pdf\" class=\"wp-block-file__button wp-element-button\" download aria-describedby=\"wp-block-file--media-fc2352f8-6749-437f-9085-ed831eddaafd\">T\u00e9l\u00e9charger<\/a><\/div>\n\n\n\n<p>Cot\u00e9 El\u00e9mentaire<\/p>\n\n\n\n<div data-wp-interactive=\"core\/file\" class=\"wp-block-file\"><object data-wp-bind--hidden=\"!state.hasPdfPreview\" hidden class=\"wp-block-file__embed\" data=\"https:\/\/api-colomiers.com\/lucieaubrac\/wp-content\/uploads\/elem.pdf\" type=\"application\/pdf\" style=\"width:100%;height:600px\" aria-label=\"Contenu embarqu\u00e9 elem.\"><\/object><a id=\"wp-block-file--media-bf84295c-a007-4452-86ca-70626f5e6d80\" href=\"https:\/\/api-colomiers.com\/lucieaubrac\/wp-content\/uploads\/elem.pdf\">elem<\/a><a href=\"https:\/\/api-colomiers.com\/lucieaubrac\/wp-content\/uploads\/elem.pdf\" class=\"wp-block-file__button wp-element-button\" download aria-describedby=\"wp-block-file--media-bf84295c-a007-4452-86ca-70626f5e6d80\">T\u00e9l\u00e9charger<\/a><\/div>\n","protected":false},"excerpt":{"rendered":"<p>L&rsquo;\u00e9quipe au complet: Vos d\u00e9l\u00e9gu\u00e9s c\u00f4t\u00e9 Maternelle: Cot\u00e9 El\u00e9mentaire<\/p>\n","protected":false},"author":9,"featured_media":0,"parent":0,"menu_order":0,"comment_status":"closed","ping_status":"closed","template":"","meta":{"footnotes":""},"class_list":["post-3432","page","type-page","status-publish","hentry"],"_links":{"self":[{"href":"https:\/\/api-colomiers.com\/lucieaubrac\/wp-json\/wp\/v2\/pages\/3432","targetHints":{"allow":["GET"]}}],"collection":[{"href":"https:\/\/api-colomiers.com\/lucieaubrac\/wp-json\/wp\/v2\/pages"}],"about":[{"href":"https:\/\/api-colomiers.com\/lucieaubrac\/wp-json\/wp\/v2\/types\/page"}],"author":[{"embeddable":true,"href":"https:\/\/api-colomiers.com\/lucieaubrac\/wp-json\/wp\/v2\/users\/9"}],"replies":[{"embeddable":true,"href":"https:\/\/api-colomiers.com\/lucieaubrac\/wp-json\/wp\/v2\/comments?post=3432"}],"version-history":[{"count":2,"href":"https:\/\/api-colomiers.com\/lucieaubrac\/wp-json\/wp\/v2\/pages\/3432\/revisions"}],"predecessor-version":[{"id":3442,"href":"https:\/\/api-colomiers.com\/lucieaubrac\/wp-json\/wp\/v2\/pages\/3432\/revisions\/3442"}],"wp:attachment":[{"href":"https:\/\/api-colomiers.com\/lucieaubrac\/wp-json\/wp\/v2\/media?parent=3432"}],"curies":[{"name":"wp","href":"https:\/\/api.w.org\/{rel}","templated":true}]}}