{"id":27,"date":"2015-03-21T20:46:04","date_gmt":"2015-03-21T20:46:04","guid":{"rendered":"http:\/\/api-colomiers.com\/lucieaubrac\/?page_id=27"},"modified":"2025-10-11T15:50:23","modified_gmt":"2025-10-11T13:50:23","slug":"alae","status":"publish","type":"page","link":"https:\/\/api-colomiers.com\/lucieaubrac\/coordonnees-et-horaires\/alae.php","title":{"rendered":"El\u00e9mentaire"},"content":{"rendered":"<h2><span style=\"color: #19bc9c;\">Ecole <\/span><\/h2>\n<ul>\n<li><span style=\"text-decoration: underline;\">Adresse:<\/span><strong>\u00a0\u00a0<\/strong>1 all\u00e9e Georges-Brassens 31 770 Colomiers<\/li>\n<li><span style=\"text-decoration: underline;\">T\u00e9l\u00e9phone \u00e9cole:<\/span>\u00a0 05.61.63.50.30<\/li>\n<li>@ : ce.0312553g@ac-toulouse.fr<\/li>\n<li><span style=\"text-decoration: underline;\">Directrice:<\/span>\u00a0 Mme Pascale PETITPREZ<\/li>\n<li><span style=\"text-decoration: underline;\">Horaires \u00e9cole:<\/span>\n<ul>\n<li>Lundi, mardi, jeudi et vendredi: 8h30-11h30 et 13h45-16h00\u00a0(ouverture des portes 8h20)<\/li>\n<li>Mercredi: 8h30-11h30\u00a0(ouverture des portes 8h20)<\/li>\n<\/ul>\n<\/li>\n<\/ul>\n<hr \/>\n<h2><span style=\"color: #19bc9c;\">ALAE\u00a0<\/span><\/h2>\n<ul>\n<li><span style=\"text-decoration: underline;\">Adresse :<\/span>\u00a0 1 all\u00e9e Georges-Brassens 31 770 Colomiers<\/li>\n<li><span style=\"text-decoration: underline;\">T\u00e9l\u00e9phone :<\/span> 05.61.63.50.33 ou 07.63.88.43.84<\/li>\n<li>@ : <a href=\"mailto:LucieAubracElementaire.ALAE@mairie-colomiers.fr\" target=\"_blank\" rel=\"noopener noreferrer\">LucieAubracElementaire.ALAE@<wbr \/>mairie-colomiers.fr<\/a><\/li>\n<li><span style=\"text-decoration: underline;\">Directeur :<\/span> Monsieur Nicolas BOUZIN<\/li>\n<li><span style=\"text-decoration: underline;\">Horaire ALAE:<\/span>\n<ul>\n<li>Lundi, mardi, jeudi et vendredi:\u00a07h30-8h30 et 16h00-18h30.<\/li>\n<li>Mercredi:\n<ul>\n<li>Garderie: 11h30-12h30<\/li>\n<li>Centre de loisirs du Cabirol :\u00a0vous pourrez r\u00e9cup\u00e9rer votre enfant entre 16h30 et 18h30<\/li>\n<\/ul>\n<\/li>\n<\/ul>\n<\/li>\n<\/ul>\n","protected":false},"excerpt":{"rendered":"<p>Ecole Adresse:\u00a0\u00a01 all\u00e9e Georges-Brassens 31 770 Colomiers T\u00e9l\u00e9phone \u00e9cole:\u00a0 05.61.63.50.30 @ : ce.0312553g@ac-toulouse.fr Directrice:\u00a0 Mme Pascale PETITPREZ Horaires \u00e9cole: Lundi, mardi, jeudi et vendredi: 8h30-11h30 et 13h45-16h00\u00a0(ouverture des portes 8h20) Mercredi: 8h30-11h30\u00a0(ouverture des portes 8h20) ALAE\u00a0 Adresse :\u00a0 1 all\u00e9e<\/p>\n","protected":false},"author":1,"featured_media":0,"parent":30,"menu_order":0,"comment_status":"closed","ping_status":"closed","template":"","meta":{"footnotes":""},"class_list":["post-27","page","type-page","status-publish","hentry"],"_links":{"self":[{"href":"https:\/\/api-colomiers.com\/lucieaubrac\/wp-json\/wp\/v2\/pages\/27","targetHints":{"allow":["GET"]}}],"collection":[{"href":"https:\/\/api-colomiers.com\/lucieaubrac\/wp-json\/wp\/v2\/pages"}],"about":[{"href":"https:\/\/api-colomiers.com\/lucieaubrac\/wp-json\/wp\/v2\/types\/page"}],"author":[{"embeddable":true,"href":"https:\/\/api-colomiers.com\/lucieaubrac\/wp-json\/wp\/v2\/users\/1"}],"replies":[{"embeddable":true,"href":"https:\/\/api-colomiers.com\/lucieaubrac\/wp-json\/wp\/v2\/comments?post=27"}],"version-history":[{"count":23,"href":"https:\/\/api-colomiers.com\/lucieaubrac\/wp-json\/wp\/v2\/pages\/27\/revisions"}],"predecessor-version":[{"id":3709,"href":"https:\/\/api-colomiers.com\/lucieaubrac\/wp-json\/wp\/v2\/pages\/27\/revisions\/3709"}],"up":[{"embeddable":true,"href":"https:\/\/api-colomiers.com\/lucieaubrac\/wp-json\/wp\/v2\/pages\/30"}],"wp:attachment":[{"href":"https:\/\/api-colomiers.com\/lucieaubrac\/wp-json\/wp\/v2\/media?parent=27"}],"curies":[{"name":"wp","href":"https:\/\/api.w.org\/{rel}","templated":true}]}}