{"id":101,"date":"2015-04-30T09:45:03","date_gmt":"2015-04-30T09:45:03","guid":{"rendered":"http:\/\/api-colomiers.com\/lucieaubrac\/?page_id=101"},"modified":"2023-11-09T20:04:16","modified_gmt":"2023-11-09T19:04:16","slug":"documents","status":"publish","type":"page","link":"https:\/\/api-colomiers.com\/lucieaubrac\/documents.php","title":{"rendered":"Documents"},"content":{"rendered":"<p>Vous pouvez consulter les comptes-rendus des conseils d&rsquo;\u00e9cole et des autres r\u00e9unions auxquelles nous avons particip\u00e9es.<\/p>\n<h2><span style=\"text-decoration: underline;\"><span style=\"color: #19bc9c; text-decoration: underline;\"><span style=\"color: #000000; text-decoration: underline;\">Maternelle<\/span> <\/span><\/span><\/h2>\n<p>\u00a0<\/p>\n<p>\u00a0<\/p>\n<p>\u00a0<\/p>\n<h2>\u00a0<\/h2>\n<h2><span style=\"text-decoration: underline;\"><span style=\"color: #000000; text-decoration: underline;\">El\u00e9mentaire<\/span><\/span><\/h2>\n<p>\u00a0<\/p>\n\n\n<div data-wp-interactive=\"core\/file\" class=\"wp-block-file\"><object data-wp-bind--hidden=\"!state.hasPdfPreview\" hidden class=\"wp-block-file__embed\" data=\"https:\/\/api-colomiers.com\/lucieaubrac\/wp-content\/uploads\/Compte-Rendu-premier-Conseil-Ecole-Elementaire-9-octobre-2023-1.pdf\" type=\"application\/pdf\" style=\"width:100%;height:600px\" aria-label=\"Contenu embarqu\u00e9 Compte-Rendu-premier-Conseil-Ecole-Elementaire-9-octobre-2023-1.\"><\/object><a id=\"wp-block-file--media-06da8435-643c-4240-9965-3a4ac7d0670e\" href=\"https:\/\/api-colomiers.com\/lucieaubrac\/wp-content\/uploads\/Compte-Rendu-premier-Conseil-Ecole-Elementaire-9-octobre-2023-1.pdf\">Compte-Rendu-premier-Conseil-Ecole-Elementaire-9-octobre-2023-1<\/a><a href=\"https:\/\/api-colomiers.com\/lucieaubrac\/wp-content\/uploads\/Compte-Rendu-premier-Conseil-Ecole-Elementaire-9-octobre-2023-1.pdf\" class=\"wp-block-file__button wp-element-button\" download aria-describedby=\"wp-block-file--media-06da8435-643c-4240-9965-3a4ac7d0670e\">T\u00e9l\u00e9charger<\/a><\/div>\n","protected":false},"excerpt":{"rendered":"<p>Vous pouvez consulter les comptes-rendus des conseils d&rsquo;\u00e9cole et des autres r\u00e9unions auxquelles nous avons particip\u00e9es. Maternelle \u00a0 \u00a0 \u00a0 \u00a0 El\u00e9mentaire \u00a0<\/p>\n","protected":false},"author":1,"featured_media":0,"parent":0,"menu_order":0,"comment_status":"closed","ping_status":"closed","template":"","meta":{"footnotes":""},"class_list":["post-101","page","type-page","status-publish","hentry"],"_links":{"self":[{"href":"https:\/\/api-colomiers.com\/lucieaubrac\/wp-json\/wp\/v2\/pages\/101","targetHints":{"allow":["GET"]}}],"collection":[{"href":"https:\/\/api-colomiers.com\/lucieaubrac\/wp-json\/wp\/v2\/pages"}],"about":[{"href":"https:\/\/api-colomiers.com\/lucieaubrac\/wp-json\/wp\/v2\/types\/page"}],"author":[{"embeddable":true,"href":"https:\/\/api-colomiers.com\/lucieaubrac\/wp-json\/wp\/v2\/users\/1"}],"replies":[{"embeddable":true,"href":"https:\/\/api-colomiers.com\/lucieaubrac\/wp-json\/wp\/v2\/comments?post=101"}],"version-history":[{"count":7,"href":"https:\/\/api-colomiers.com\/lucieaubrac\/wp-json\/wp\/v2\/pages\/101\/revisions"}],"predecessor-version":[{"id":3067,"href":"https:\/\/api-colomiers.com\/lucieaubrac\/wp-json\/wp\/v2\/pages\/101\/revisions\/3067"}],"wp:attachment":[{"href":"https:\/\/api-colomiers.com\/lucieaubrac\/wp-json\/wp\/v2\/media?parent=101"}],"curies":[{"name":"wp","href":"https:\/\/api.w.org\/{rel}","templated":true}]}}