{"id":968,"date":"2017-10-16T12:24:36","date_gmt":"2017-10-16T11:24:36","guid":{"rendered":"http:\/\/api-colomiers.com\/georgesand\/?page_id=968"},"modified":"2017-11-20T22:08:09","modified_gmt":"2017-11-20T21:08:09","slug":"vos-delegues-api-2017-2018","status":"publish","type":"page","link":"https:\/\/api-colomiers.com\/georgesand\/vos-delegues-api-2017-2018\/","title":{"rendered":"Vos d\u00e9l\u00e9gu\u00e9s API 2017-2018"},"content":{"rendered":"<h1><span style=\"color: #33cccc\"><strong>MATERNELLE<\/strong><\/span><\/h1>\n<p><img loading=\"lazy\" decoding=\"async\" class=\"alignleft wp-image-973\" src=\"https:\/\/api-colomiers.com\/georgesand\/wp-content\/uploads\/2017\/10\/trombi-2017-18-300x225.jpg\" alt=\"\" width=\"700\" height=\"525\" srcset=\"https:\/\/api-colomiers.com\/georgesand\/wp-content\/uploads\/2017\/10\/trombi-2017-18-300x225.jpg 300w, https:\/\/api-colomiers.com\/georgesand\/wp-content\/uploads\/2017\/10\/trombi-2017-18-768x576.jpg 768w, https:\/\/api-colomiers.com\/georgesand\/wp-content\/uploads\/2017\/10\/trombi-2017-18-600x450.jpg 600w, https:\/\/api-colomiers.com\/georgesand\/wp-content\/uploads\/2017\/10\/trombi-2017-18.jpg 960w\" sizes=\"auto, (max-width: 700px) 100vw, 700px\" \/><a href=\"https:\/\/api-colomiers.com\/georgesand\/wp-content\/uploads\/2017\/10\/trombi-2017-18.pdf\">trombi 2017-18<\/a><\/p>\n<hr \/>\n<h1><span style=\"color: #33cccc\"><strong>ELEMENTAIRE<\/strong><\/span><\/h1>\n<p><a href=\"https:\/\/api-colomiers.com\/georgesand\/wp-content\/uploads\/2017\/10\/TrombiElem1718.png\"><img loading=\"lazy\" decoding=\"async\" class=\"alignnone  wp-image-1091\" src=\"https:\/\/api-colomiers.com\/georgesand\/wp-content\/uploads\/2017\/10\/TrombiElem1718-211x300.png\" alt=\"\" width=\"614\" height=\"873\" \/><\/a><\/p>\n","protected":false},"excerpt":{"rendered":"<p>MATERNELLE trombi 2017-18 ELEMENTAIRE<\/p>\n","protected":false},"author":10,"featured_media":0,"parent":0,"menu_order":0,"comment_status":"closed","ping_status":"closed","template":"","meta":{"footnotes":""},"class_list":["post-968","page","type-page","status-publish","hentry"],"_links":{"self":[{"href":"https:\/\/api-colomiers.com\/georgesand\/wp-json\/wp\/v2\/pages\/968","targetHints":{"allow":["GET"]}}],"collection":[{"href":"https:\/\/api-colomiers.com\/georgesand\/wp-json\/wp\/v2\/pages"}],"about":[{"href":"https:\/\/api-colomiers.com\/georgesand\/wp-json\/wp\/v2\/types\/page"}],"author":[{"embeddable":true,"href":"https:\/\/api-colomiers.com\/georgesand\/wp-json\/wp\/v2\/users\/10"}],"replies":[{"embeddable":true,"href":"https:\/\/api-colomiers.com\/georgesand\/wp-json\/wp\/v2\/comments?post=968"}],"version-history":[{"count":0,"href":"https:\/\/api-colomiers.com\/georgesand\/wp-json\/wp\/v2\/pages\/968\/revisions"}],"wp:attachment":[{"href":"https:\/\/api-colomiers.com\/georgesand\/wp-json\/wp\/v2\/media?parent=968"}],"curies":[{"name":"wp","href":"https:\/\/api.w.org\/{rel}","templated":true}]}}