{"id":80,"date":"2015-11-15T08:43:29","date_gmt":"2015-11-15T07:43:29","guid":{"rendered":"http:\/\/api-colomiers.com\/georgesand\/?page_id=80"},"modified":"2019-10-17T16:21:30","modified_gmt":"2019-10-17T15:21:30","slug":"documents","status":"publish","type":"page","link":"https:\/\/api-colomiers.com\/georgesand\/documents\/","title":{"rendered":"Documents"},"content":{"rendered":"<p>Vous pouvez consulter les comptes-rendus des conseils d\u2019\u00e9cole et des autres r\u00e9unions auxquelles nous avons particip\u00e9.<\/p>\n<h2 style=\"text-align: center;\"><span style=\"color: #33cccc;\">Ann\u00e9e 2018\/2019<\/span><\/h2>\n<h2>Conseils d&rsquo;\u00e9cole:<\/h2>\n<p><a href=\"https:\/\/api-colomiers.com\/georgesand\/wp-content\/uploads\/2019\/10\/PV-conseil-ecole-N\u00b01-2018-2019.pdf\" target=\"_blank\" rel=\"noopener noreferrer\">PV conseil \u00c9cole maternelle n\u00b01 <\/a>12 novembre 2018<\/p>\n<p><a href=\"https:\/\/api-colomiers.com\/georgesand\/wp-content\/uploads\/2019\/10\/PV-CONSEIL-DECOLE-N\u00b03-2018-2019.pdf\" target=\"_blank\" rel=\"noopener noreferrer\">PV conseil Ecole maternelle n\u00b03 <\/a>17 juin 2019<\/p>\n<h2 style=\"text-align: center;\"><span style=\"text-decoration: underline;\"><span style=\"color: #0fbe7c; text-decoration: underline;\">Ann\u00e9e 2016\/2017<\/span><\/span><\/h2>\n<h2>Livrets d&rsquo;accueil :<\/h2>\n<p><a href=\"https:\/\/api-colomiers.com\/georgesand\/wp-content\/uploads\/2015\/11\/LIVRETDACCUEIL-EMPU-GEORGE-SAND.pdf\" rel=\"\">Livret d&rsquo;accueil de l&rsquo;\u00e9cole maternelle George Sand<\/a><\/p>\n<h3>Conseils d&rsquo;\u00e9cole :<\/h3>\n<p><a href=\"https:\/\/api-colomiers.com\/georgesand\/wp-content\/uploads\/2016\/11\/2016-2017-Mat-ODJ-CONSEIL-DECOLE-N\u00b01.pdf\">ODJ Conseil d&rsquo;\u00e9cole maternelle n\u00b01 &#8211; 8 novembre 2016<\/a><\/p>\n<p><a href=\"https:\/\/api-colomiers.com\/georgesand\/wp-content\/uploads\/2016\/11\/2016-2017-Mat-PV-conseil-d\u00e9cole-1.pdf\">PV Conseil d&rsquo;\u00e9cole maternelle n\u00b01 &#8211; 8 novembre 2016<\/a><\/p>\n<h3>Lettres d&rsquo;information :<\/h3>\n<p><a href=\"https:\/\/api-colomiers.com\/georgesand\/wp-content\/uploads\/2016\/12\/Lettre-dinformation-API-George-Sand-08-11-2016.pdf\" rel=\"\">Lettre d&rsquo;information No. 1 API maternelle George SAND<\/a><\/p>\n<h3><\/h3>\n<h2 style=\"text-align: center;\"><span style=\"text-decoration: underline;\"><span style=\"color: #0fbe7c; text-decoration: underline;\">Ann\u00e9e 2015\/2016<\/span><\/span><\/h2>\n<h2>Livrets d&rsquo;accueil :<\/h2>\n<p><a href=\"https:\/\/api-colomiers.com\/georgesand\/wp-content\/uploads\/2015\/11\/LIVRETDACCUEIL-EMPU-GEORGE-SAND.pdf\" rel=\"\">Livret d&rsquo;accueil de l&rsquo;\u00e9cole maternelle George Sand<\/a><\/p>\n<h3>Conseils d&rsquo;\u00e9cole :<\/h3>\n<p><a href=\"https:\/\/api-colomiers.com\/georgesand\/wp-content\/uploads\/2015\/11\/CR-conseil-d\u00e9cole-n\u00b01.docx\">CR Conseil d&rsquo;\u00e9cole maternelle n\u00b01 &#8211; 12 novembre 2015<\/a><\/p>\n<p><a href=\"https:\/\/api-colomiers.com\/georgesand\/wp-content\/uploads\/2016\/06\/CR-Conseil-d\u00e9cole-n\u00b02-20-03-2016.pdf\">CR Conseil d&rsquo;\u00e9cole maternelle n\u00b02 &#8211; 17 mars 2016<\/a><\/p>\n<h3>Lettres d&rsquo;information :<\/h3>\n<p><a href=\"https:\/\/api-colomiers.com\/georgesand\/wp-content\/uploads\/2015\/12\/Lettre-dinformation-No.-1-API-George-SAND.pdf\" rel=\"\">Lettre d&rsquo;information No. 1 API maternelle George SAND<\/a><\/p>\n<h2><\/h2>\n","protected":false},"excerpt":{"rendered":"<p>Vous pouvez consulter les comptes-rendus des conseils d\u2019\u00e9cole et des autres r\u00e9unions auxquelles nous avons particip\u00e9. Ann\u00e9e 2018\/2019 Conseils d&rsquo;\u00e9cole: PV conseil \u00c9cole maternelle n\u00b01 12 novembre 2018 PV conseil Ecole maternelle n\u00b03 17 juin 2019 Ann\u00e9e 2016\/2017 Livrets d&rsquo;accueil<\/p>\n","protected":false},"author":10,"featured_media":0,"parent":0,"menu_order":0,"comment_status":"closed","ping_status":"closed","template":"","meta":{"footnotes":""},"class_list":["post-80","page","type-page","status-publish","hentry"],"_links":{"self":[{"href":"https:\/\/api-colomiers.com\/georgesand\/wp-json\/wp\/v2\/pages\/80","targetHints":{"allow":["GET"]}}],"collection":[{"href":"https:\/\/api-colomiers.com\/georgesand\/wp-json\/wp\/v2\/pages"}],"about":[{"href":"https:\/\/api-colomiers.com\/georgesand\/wp-json\/wp\/v2\/types\/page"}],"author":[{"embeddable":true,"href":"https:\/\/api-colomiers.com\/georgesand\/wp-json\/wp\/v2\/users\/10"}],"replies":[{"embeddable":true,"href":"https:\/\/api-colomiers.com\/georgesand\/wp-json\/wp\/v2\/comments?post=80"}],"version-history":[{"count":0,"href":"https:\/\/api-colomiers.com\/georgesand\/wp-json\/wp\/v2\/pages\/80\/revisions"}],"wp:attachment":[{"href":"https:\/\/api-colomiers.com\/georgesand\/wp-json\/wp\/v2\/media?parent=80"}],"curies":[{"name":"wp","href":"https:\/\/api.w.org\/{rel}","templated":true}]}}