{"id":635,"date":"2016-10-25T16:54:58","date_gmt":"2016-10-25T15:54:58","guid":{"rendered":"http:\/\/api-colomiers.com\/georgesand\/?page_id=635"},"modified":"2016-11-19T11:25:29","modified_gmt":"2016-11-19T10:25:29","slug":"vos-delegues-2016-2017","status":"publish","type":"page","link":"https:\/\/api-colomiers.com\/georgesand\/vos-delegues-2016-2017\/","title":{"rendered":"Vos d\u00e9l\u00e9gu\u00e9s 2016-2017"},"content":{"rendered":"<h2><span style=\"color: #0fbe7c;\"><strong>Maternelle<\/strong><\/span><\/h2>\n<p><a href=\"http:\/\/i1.wp.com\/api-colomiers.com\/georgesand\/wp-content\/uploads\/2016\/10\/trombi_api_2016_mat-page-001_resize-e1477470362306.jpg\"><img loading=\"lazy\" decoding=\"async\" class=\" aligncenter wp-image-111 \" src=\"https:\/\/api-colomiers.com\/georgesand\/wp-content\/uploads\/2016\/10\/trombi_api_2016_mat-page-001_resize.jpg\" alt=\"Trombinoscope API Maternelle 2016-2017\" width=\"957\" height=\"677\" \/><\/a><\/p>\n<p><a href=\"https:\/\/api-colomiers.com\/georgesand\/wp-content\/uploads\/2016\/10\/trombi_api_2016_mat.pdf\" target=\"_blank\">Trombinoscope API Maternelle au format PDF<\/a><\/p>\n<hr \/>\n<h2><span style=\"color: #0fbe7c;\"><strong>El\u00e9mentaire<\/strong><\/span><\/h2>\n<p><a href=\"https:\/\/api-colomiers.com\/georgesand\/wp-content\/uploads\/2016\/11\/trombi_api_2016_elem-e1479550364714.jpg\"><img loading=\"lazy\" decoding=\"async\" class=\" wp-image-691 aligncenter\" src=\"https:\/\/api-colomiers.com\/georgesand\/wp-content\/uploads\/2016\/11\/trombi_api_2016_elem-e1479550364714-197x300.jpg\" alt=\"Trombinoscope API \u00c9l\u00e9mentaire 2016-2017\" width=\"674\" height=\"1026\" srcset=\"https:\/\/api-colomiers.com\/georgesand\/wp-content\/uploads\/2016\/11\/trombi_api_2016_elem-e1479550364714-197x300.jpg 197w, https:\/\/api-colomiers.com\/georgesand\/wp-content\/uploads\/2016\/11\/trombi_api_2016_elem-e1479550364714-600x912.jpg 600w\" sizes=\"auto, (max-width: 674px) 100vw, 674px\" \/><\/a><a href=\"https:\/\/api-colomiers.com\/georgesand\/wp-content\/uploads\/2016\/11\/trombi_api_2016_elem.pdf\" target=\"_blank\">Trombinoscope API El\u00e9mentaire au format PDF<\/a><\/p>\n","protected":false},"excerpt":{"rendered":"<p>Maternelle Trombinoscope API Maternelle au format PDF El\u00e9mentaire Trombinoscope API El\u00e9mentaire au format PDF<\/p>\n","protected":false},"author":10,"featured_media":0,"parent":0,"menu_order":0,"comment_status":"closed","ping_status":"closed","template":"","meta":{"footnotes":""},"class_list":["post-635","page","type-page","status-publish","hentry"],"_links":{"self":[{"href":"https:\/\/api-colomiers.com\/georgesand\/wp-json\/wp\/v2\/pages\/635","targetHints":{"allow":["GET"]}}],"collection":[{"href":"https:\/\/api-colomiers.com\/georgesand\/wp-json\/wp\/v2\/pages"}],"about":[{"href":"https:\/\/api-colomiers.com\/georgesand\/wp-json\/wp\/v2\/types\/page"}],"author":[{"embeddable":true,"href":"https:\/\/api-colomiers.com\/georgesand\/wp-json\/wp\/v2\/users\/10"}],"replies":[{"embeddable":true,"href":"https:\/\/api-colomiers.com\/georgesand\/wp-json\/wp\/v2\/comments?post=635"}],"version-history":[{"count":0,"href":"https:\/\/api-colomiers.com\/georgesand\/wp-json\/wp\/v2\/pages\/635\/revisions"}],"wp:attachment":[{"href":"https:\/\/api-colomiers.com\/georgesand\/wp-json\/wp\/v2\/media?parent=635"}],"curies":[{"name":"wp","href":"https:\/\/api.w.org\/{rel}","templated":true}]}}