{"id":1606,"date":"2019-10-21T20:46:50","date_gmt":"2019-10-21T19:46:50","guid":{"rendered":"http:\/\/api-colomiers.com\/georgesand\/?page_id=1606"},"modified":"2019-10-21T20:46:52","modified_gmt":"2019-10-21T19:46:52","slug":"charte-de-la-laicite-a-lecole","status":"publish","type":"page","link":"https:\/\/api-colomiers.com\/georgesand\/charte-de-la-laicite-a-lecole\/","title":{"rendered":"Charte de la la\u00efcit\u00e9 \u00e0 l&rsquo;\u00e9cole"},"content":{"rendered":"\n<figure class=\"wp-block-image\"><img loading=\"lazy\" decoding=\"async\" width=\"446\" height=\"618\" src=\"https:\/\/api-colomiers.com\/georgesand\/wp-content\/uploads\/2019\/10\/charteLaicite.jpg\" alt=\"\" class=\"wp-image-1602\" srcset=\"https:\/\/api-colomiers.com\/georgesand\/wp-content\/uploads\/2019\/10\/charteLaicite.jpg 446w, https:\/\/api-colomiers.com\/georgesand\/wp-content\/uploads\/2019\/10\/charteLaicite-217x300.jpg 217w\" sizes=\"auto, (max-width: 446px) 100vw, 446px\" \/><\/figure>\n\n\n\n<div class=\"wp-block-file\"><a href=\"https:\/\/api-colomiers.com\/georgesand\/wp-content\/uploads\/2019\/10\/Charte_de_la_la\u00efcit\u00e91.pdf\">Charte_de_la_la\u00efcit\u00e91<\/a><a href=\"https:\/\/api-colomiers.com\/georgesand\/wp-content\/uploads\/2019\/10\/Charte_de_la_la\u00efcit\u00e91.pdf\" class=\"wp-block-file__button\" download>T\u00e9l\u00e9charger<\/a><\/div>\n","protected":false},"excerpt":{"rendered":"","protected":false},"author":10,"featured_media":0,"parent":0,"menu_order":0,"comment_status":"closed","ping_status":"closed","template":"","meta":{"footnotes":""},"class_list":["post-1606","page","type-page","status-publish","hentry"],"_links":{"self":[{"href":"https:\/\/api-colomiers.com\/georgesand\/wp-json\/wp\/v2\/pages\/1606","targetHints":{"allow":["GET"]}}],"collection":[{"href":"https:\/\/api-colomiers.com\/georgesand\/wp-json\/wp\/v2\/pages"}],"about":[{"href":"https:\/\/api-colomiers.com\/georgesand\/wp-json\/wp\/v2\/types\/page"}],"author":[{"embeddable":true,"href":"https:\/\/api-colomiers.com\/georgesand\/wp-json\/wp\/v2\/users\/10"}],"replies":[{"embeddable":true,"href":"https:\/\/api-colomiers.com\/georgesand\/wp-json\/wp\/v2\/comments?post=1606"}],"version-history":[{"count":0,"href":"https:\/\/api-colomiers.com\/georgesand\/wp-json\/wp\/v2\/pages\/1606\/revisions"}],"wp:attachment":[{"href":"https:\/\/api-colomiers.com\/georgesand\/wp-json\/wp\/v2\/media?parent=1606"}],"curies":[{"name":"wp","href":"https:\/\/api.w.org\/{rel}","templated":true}]}}