{"id":1568,"date":"2019-10-17T15:13:36","date_gmt":"2019-10-17T14:13:36","guid":{"rendered":"http:\/\/api-colomiers.com\/georgesand\/?page_id=1568"},"modified":"2019-10-17T15:13:37","modified_gmt":"2019-10-17T14:13:37","slug":"vos-delegues-api-2019-2020","status":"publish","type":"page","link":"https:\/\/api-colomiers.com\/georgesand\/vos-delegues-api-2019-2020\/","title":{"rendered":"Vos d\u00e9l\u00e9gu\u00e9s API 2019-2020"},"content":{"rendered":"\n<p class=\"has-text-color has-background has-large-font-size has-vivid-green-cyan-color has-very-light-gray-background-color\"> <strong>MATERNELLE<\/strong><\/p>\n\n\n\n<figure class=\"wp-block-image\"><img loading=\"lazy\" decoding=\"async\" width=\"960\" height=\"720\" src=\"https:\/\/api-colomiers.com\/georgesand\/wp-content\/uploads\/2019\/10\/trombi-2019-20v2.jpg\" alt=\"\" class=\"wp-image-1569\" srcset=\"https:\/\/api-colomiers.com\/georgesand\/wp-content\/uploads\/2019\/10\/trombi-2019-20v2.jpg 960w, https:\/\/api-colomiers.com\/georgesand\/wp-content\/uploads\/2019\/10\/trombi-2019-20v2-300x225.jpg 300w, https:\/\/api-colomiers.com\/georgesand\/wp-content\/uploads\/2019\/10\/trombi-2019-20v2-768x576.jpg 768w, https:\/\/api-colomiers.com\/georgesand\/wp-content\/uploads\/2019\/10\/trombi-2019-20v2-600x450.jpg 600w\" sizes=\"auto, (max-width: 960px) 100vw, 960px\" \/><\/figure>\n\n\n\n<p class=\"has-text-color has-background has-large-font-size has-vivid-green-cyan-color has-very-light-gray-background-color\">\u00a0ELEMENTAIRE<\/p>\n\n\n\n<figure class=\"wp-block-image\"><img loading=\"lazy\" decoding=\"async\" width=\"720\" height=\"960\" src=\"https:\/\/api-colomiers.com\/georgesand\/wp-content\/uploads\/2019\/10\/trombi-elem-2019v2.jpg\" alt=\"\" class=\"wp-image-1570\" srcset=\"https:\/\/api-colomiers.com\/georgesand\/wp-content\/uploads\/2019\/10\/trombi-elem-2019v2.jpg 720w, https:\/\/api-colomiers.com\/georgesand\/wp-content\/uploads\/2019\/10\/trombi-elem-2019v2-225x300.jpg 225w, https:\/\/api-colomiers.com\/georgesand\/wp-content\/uploads\/2019\/10\/trombi-elem-2019v2-600x800.jpg 600w\" sizes=\"auto, (max-width: 720px) 100vw, 720px\" \/><\/figure>\n","protected":false},"excerpt":{"rendered":"<p>MATERNELLE \u00a0ELEMENTAIRE<\/p>\n","protected":false},"author":10,"featured_media":0,"parent":0,"menu_order":0,"comment_status":"closed","ping_status":"closed","template":"","meta":{"footnotes":""},"class_list":["post-1568","page","type-page","status-publish","hentry"],"_links":{"self":[{"href":"https:\/\/api-colomiers.com\/georgesand\/wp-json\/wp\/v2\/pages\/1568","targetHints":{"allow":["GET"]}}],"collection":[{"href":"https:\/\/api-colomiers.com\/georgesand\/wp-json\/wp\/v2\/pages"}],"about":[{"href":"https:\/\/api-colomiers.com\/georgesand\/wp-json\/wp\/v2\/types\/page"}],"author":[{"embeddable":true,"href":"https:\/\/api-colomiers.com\/georgesand\/wp-json\/wp\/v2\/users\/10"}],"replies":[{"embeddable":true,"href":"https:\/\/api-colomiers.com\/georgesand\/wp-json\/wp\/v2\/comments?post=1568"}],"version-history":[{"count":0,"href":"https:\/\/api-colomiers.com\/georgesand\/wp-json\/wp\/v2\/pages\/1568\/revisions"}],"wp:attachment":[{"href":"https:\/\/api-colomiers.com\/georgesand\/wp-json\/wp\/v2\/media?parent=1568"}],"curies":[{"name":"wp","href":"https:\/\/api.w.org\/{rel}","templated":true}]}}