{"id":25,"date":"2015-12-04T22:06:25","date_gmt":"2015-12-04T22:06:25","guid":{"rendered":"http:\/\/api-colomiers.com\/alainsavary\/?page_id=25"},"modified":"2024-09-13T20:47:06","modified_gmt":"2024-09-13T20:47:06","slug":"elementaire","status":"publish","type":"page","link":"https:\/\/api-colomiers.com\/alainsavary\/elementaire\/","title":{"rendered":"\u00c9l\u00e9mentaire"},"content":{"rendered":"<h1><strong>Ecole El\u00e9mentaire Alain SAVARY<\/strong><\/h1>\n<p>16 all\u00e9e du Morbihan &#8211; 31770 COLOMIERS<\/p>\n<p><strong>T\u00e9l<\/strong>\u00a0: 05 61 63 50 23<\/p>\n<p><strong>E-mail<\/strong> : <a href=\"mailto:ce.0312539s@ac-toulouse.fr\">ce.0312539s@ac-toulouse.fr<\/a><\/p>\n<p><strong>ALAE<\/strong> : 05 61 63 50 24\u00a0<strong>\/ <\/strong><a href=\"mailto:AlainSavaryElementaire.ALAE@mairie-colomiers.fr\" target=\"_blank\" rel=\"noreferrer noopener\">alainsavaryelementaire.ALAE@mairie-colomiers.fr<\/a><\/p>\n<p><strong>Directeur<\/strong>\u00a0<strong>\u00e9cole\u00a0<\/strong>: M. Eric KEHAL<\/p>\n<h2><strong>Horaires\u00a0<\/strong><\/h2>\n<p>Lundi, mardi, jeudi, vendredi : le matin de 8h30 \u00e0 11h30 &#8211; l&#8217;apr\u00e8s-midi de 13h45 \u00e0 16h00<\/p>\n<p>Mercredi : le matin de 8h30 \u00e0 11h30<\/p>\n","protected":false},"excerpt":{"rendered":"<p>Ecole El\u00e9mentaire Alain SAVARY 16 all\u00e9e du Morbihan &#8211; 31770 COLOMIERS T\u00e9l\u00a0: 05 61 63 50 23 E-mail : ce.0312539s@ac-toulouse.fr ALAE : 05 61 63 50 24\u00a0\/ alainsavaryelementaire.ALAE@mairie-colomiers.fr Directeur\u00a0\u00e9cole\u00a0: M. Eric KEHAL Horaires\u00a0 Lundi, mardi, jeudi, vendredi : le matin<\/p>\n","protected":false},"author":1,"featured_media":0,"parent":0,"menu_order":0,"comment_status":"closed","ping_status":"closed","template":"","meta":[],"_links":{"self":[{"href":"https:\/\/api-colomiers.com\/alainsavary\/wp-json\/wp\/v2\/pages\/25"}],"collection":[{"href":"https:\/\/api-colomiers.com\/alainsavary\/wp-json\/wp\/v2\/pages"}],"about":[{"href":"https:\/\/api-colomiers.com\/alainsavary\/wp-json\/wp\/v2\/types\/page"}],"author":[{"embeddable":true,"href":"https:\/\/api-colomiers.com\/alainsavary\/wp-json\/wp\/v2\/users\/1"}],"replies":[{"embeddable":true,"href":"https:\/\/api-colomiers.com\/alainsavary\/wp-json\/wp\/v2\/comments?post=25"}],"version-history":[{"count":5,"href":"https:\/\/api-colomiers.com\/alainsavary\/wp-json\/wp\/v2\/pages\/25\/revisions"}],"predecessor-version":[{"id":1122,"href":"https:\/\/api-colomiers.com\/alainsavary\/wp-json\/wp\/v2\/pages\/25\/revisions\/1122"}],"wp:attachment":[{"href":"https:\/\/api-colomiers.com\/alainsavary\/wp-json\/wp\/v2\/media?parent=25"}],"curies":[{"name":"wp","href":"https:\/\/api.w.org\/{rel}","templated":true}]}}