{"id":368,"date":"2023-05-16T12:10:10","date_gmt":"2023-05-16T10:10:10","guid":{"rendered":"https:\/\/api-colomiers.com\/victorhugo\/?page_id=368"},"modified":"2023-05-16T19:46:33","modified_gmt":"2023-05-16T17:46:33","slug":"la-cite-scolaire-victor-hugo","status":"publish","type":"page","link":"http:\/\/api-colomiers.com\/victorhugo\/la-cite-scolaire-victor-hugo\/","title":{"rendered":"La cit\u00e9 scolaire Victor Hugo"},"content":{"rendered":"\n<blockquote class=\"wp-block-quote is-layout-flow wp-block-quote-is-layout-flow\">\n<p>7 septembre 1984 \u203a Ouverture du lyc\u00e9e international Victor-Hugo<\/p>\n<cite><a href=\"https:\/\/www.ville-colomiers.fr\/fileadmin\/user_upload\/Fichiers_Pages\/La_Ville_de_Colomiers\/ExpoArchivesColomiers_Patrimoine.pdf\" data-type=\"URL\" data-id=\"https:\/\/www.ville-colomiers.fr\/fileadmin\/user_upload\/Fichiers_Pages\/La_Ville_de_Colomiers\/ExpoArchivesColomiers_Patrimoine.pdf\" target=\"_blank\" rel=\"noreferrer noopener\">archives Colomiers Patrimoine<\/a><\/cite><\/blockquote>\n\n\n\n<p>On parle de \u00ab cit\u00e9 scolaire \u00bb, lorsque pour un m\u00eame lieu g\u00e9ographie, plusieurs structures sont propos\u00e9es.<\/p>\n\n\n\n<p>Pour la \u00ab Cit\u00e9 Scolaire International Victor Hugo \u00bb sont regroup\u00e9s le Coll\u00e8ge International Victor Hugo, le Lyc\u00e9e G\u00e9n\u00e9ral et Technologique International V. Hugo et les<br>Sections de Techniciens Sup\u00e9rieurs (STS).<\/p>\n\n\n\n<p>Sont associ\u00e9s la Deutsche Schule Toulouse (<a href=\"https:\/\/dstoulouse.com\/fr\/\" target=\"_blank\" rel=\"noreferrer noopener\">DST<\/a>) et l\u2019association partenaire de la section britannique (<a href=\"https:\/\/www.english31.org\/\" data-type=\"URL\" data-id=\"https:\/\/www.english31.org\/\" target=\"_blank\" rel=\"noreferrer noopener\">English 31<\/a>).<\/p>\n\n\n\n<p class=\"has-text-align-right\">Source : FAQ de l&rsquo;\u00e9tablissement<\/p>\n\n\n\n<h2 class=\"wp-block-heading\">Coordonn\u00e9es <\/h2>\n\n\n\n<p align=\"center\"><iframe src=\"https:\/\/www.google.com\/maps\/embed?pb=!1m18!1m12!1m3!1d2888.5466436320125!2d1.307408815707852!3d43.61598026285424!2m3!1f0!2f0!3f0!3m2!1i1024!2i768!4f13.1!3m3!1m2!1s0x12aeb1c3ed5b16fb%3A0x685eeebefbb6d3e8!2sLyc%C3%A9e%20G%C3%A9n%C3%A9ral%20et%20Technologique%20International%20Victor%20Hugo!5e0!3m2!1sfr!2sus!4v1662718479124!5m2!1sfr!2sus\" width=\"600\" height=\"450\" style=\"border:0;\" allowfullscreen=\"\" loading=\"lazy\" referrerpolicy=\"no-referrer-when-downgrade\"><\/iframe><\/p>\n\n\n\n<h2 class=\"wp-block-heading\">Choisissez votre destination<\/h2>\n\n\n\n<div class=\"wp-block-buttons alignwide is-horizontal is-content-justification-center is-layout-flex wp-container-core-buttons-is-layout-03627597 wp-block-buttons-is-layout-flex\">\n<div class=\"wp-block-button is-style-outline is-style-outline--1\"><a class=\"wp-block-button__link wp-element-button\" href=\"https:\/\/api-colomiers.com\/victorhugo\/le-college-victor-hugo\/\">Le coll\u00e8ge<\/a><\/div>\n\n\n\n<div class=\"wp-block-button is-style-outline is-style-outline--2\"><a class=\"wp-block-button__link has-text-align-center wp-element-button\" href=\"https:\/\/api-colomiers.com\/victorhugo\/le-lycee-victor-hugo\/\">Le lyc\u00e9e<\/a><\/div>\n<\/div>\n","protected":false},"excerpt":{"rendered":"<p>7 septembre 1984 \u203a Ouverture du lyc\u00e9e international Victor-Hugo archives Colomiers Patrimoine On parle de \u00ab cit\u00e9 scolaire \u00bb, lorsque pour un m\u00eame lieu g\u00e9ographie, plusieurs structures sont propos\u00e9es. Pour la \u00ab Cit\u00e9 Scolaire International Victor Hugo \u00bb sont regroup\u00e9s<\/p>\n","protected":false},"author":3,"featured_media":0,"parent":0,"menu_order":0,"comment_status":"closed","ping_status":"closed","template":"","meta":{"_seopress_robots_primary_cat":"","_seopress_titles_title":"","_seopress_titles_desc":"","_seopress_robots_index":"","footnotes":""},"class_list":["post-368","page","type-page","status-publish","hentry"],"_links":{"self":[{"href":"http:\/\/api-colomiers.com\/victorhugo\/wp-json\/wp\/v2\/pages\/368","targetHints":{"allow":["GET"]}}],"collection":[{"href":"http:\/\/api-colomiers.com\/victorhugo\/wp-json\/wp\/v2\/pages"}],"about":[{"href":"http:\/\/api-colomiers.com\/victorhugo\/wp-json\/wp\/v2\/types\/page"}],"author":[{"embeddable":true,"href":"http:\/\/api-colomiers.com\/victorhugo\/wp-json\/wp\/v2\/users\/3"}],"replies":[{"embeddable":true,"href":"http:\/\/api-colomiers.com\/victorhugo\/wp-json\/wp\/v2\/comments?post=368"}],"version-history":[{"count":8,"href":"http:\/\/api-colomiers.com\/victorhugo\/wp-json\/wp\/v2\/pages\/368\/revisions"}],"predecessor-version":[{"id":394,"href":"http:\/\/api-colomiers.com\/victorhugo\/wp-json\/wp\/v2\/pages\/368\/revisions\/394"}],"wp:attachment":[{"href":"http:\/\/api-colomiers.com\/victorhugo\/wp-json\/wp\/v2\/media?parent=368"}],"curies":[{"name":"wp","href":"https:\/\/api.w.org\/{rel}","templated":true}]}}